{"id":2031,"date":"2023-11-27T20:34:33","date_gmt":"2023-11-27T19:34:33","guid":{"rendered":"https:\/\/77beautifulsites.com\/?page_id=2031"},"modified":"2023-11-28T02:57:12","modified_gmt":"2023-11-28T01:57:12","slug":"diseno-de-logos-logo-design","status":"publish","type":"page","link":"https:\/\/77beautifulsites.com\/index.php\/diseno-de-logos-logo-design\/","title":{"rendered":"Dise\u00f1o de Logos\/ Logo Design"},"content":{"rendered":"\n<div class=\"wp-block-uagb-container uagb-block-2800fbfa alignfull uagb-is-root-container\"><div class=\"uagb-container-inner-blocks-wrap\">\n<div class=\"wp-block-uagb-info-box uagb-block-fec67cf7 uagb-infobox__content-wrap  uagb-infobox-icon-above-title uagb-infobox-image-valign-top\"><div class=\"uagb-ifb-content\"><div class=\"uagb-ifb-title-wrap\"><div class=\"uagb-ifb-separator\"><\/div><h1 class=\"uagb-ifb-title\">Dise\u00f1o de Logos\/ Logo Design<\/h1><\/div><\/div><\/div>\n\n\n<div class=\"n2_clear\"><ss3-force-full-width data-overflow-x=\"body\" data-horizontal-selector=\"body\"><div class=\"n2-section-smartslider fitvidsignore  n2_clear\" data-ssid=\"13\" tabindex=\"0\" role=\"region\" aria-label=\"Slider\"><div id=\"n2-ss-13-align\" class=\"n2-ss-align\"><div class=\"n2-padding\"><div id=\"n2-ss-13\" data-creator=\"Smart Slider 3\" data-responsive=\"fullwidth\" class=\"n2-ss-slider n2-ow n2-has-hover n2notransition  \">\n\n\n\n<div class=\"n2-ss-slider-wrapper-inside\">\n        <div class=\"n2-ss-slider-1 n2_ss__touch_element n2-ow\">\n            <div class=\"n2-ss-slider-2 n2-ow\">\n                                                <div class=\"n2-ss-slider-3 n2-ow\">\n\n                    <div class=\"n2-ss-slide-backgrounds n2-ow-all\"><div class=\"n2-ss-slide-background\" data-public-id=\"1\" data-mode=\"fill\"><div data-color=\"RGBA(242,247,254,1)\" style=\"background-color: RGBA(242,247,254,1);\" class=\"n2-ss-slide-background-color\"><\/div><\/div><div class=\"n2-ss-slide-background\" data-public-id=\"2\" data-mode=\"fill\" aria-hidden=\"true\"><div data-color=\"RGBA(242,247,254,1)\" style=\"background-color: RGBA(242,247,254,1);\" class=\"n2-ss-slide-background-color\"><\/div><\/div><\/div>                    <div class=\"n2-ss-slider-4 n2-ow\">\n                        <svg xmlns=\"http:\/\/www.w3.org\/2000\/svg\" viewBox=\"0 0 1200 700\" data-related-device=\"desktopPortrait\" class=\"n2-ow n2-ss-preserve-size n2-ss-preserve-size--slider n2-ss-slide-limiter\"><\/svg><div data-first=\"1\" data-slide-duration=\"0\" data-id=\"61\" data-slide-public-id=\"1\" data-title=\"Espa\u00f1ol\" class=\"n2-ss-slide n2-ow  n2-ss-slide-61\"><div role=\"note\" class=\"n2-ss-slide--focus\" tabindex=\"-1\">Espa\u00f1ol<\/div><div class=\"n2-ss-layers-container n2-ss-slide-limiter n2-ow\"><div class=\"n2-ss-layer n2-ow n-uc-lriZO5ggCmPr\" data-sstype=\"slide\" data-pm=\"default\"><div class=\"n2-ss-layer n2-ow n-uc-1f494b8b049b9\" data-pm=\"default\" data-sstype=\"content\" data-hasbackground=\"0\"><div class=\"n2-ss-section-main-content n2-ss-layer-with-background n2-ss-layer-content n2-ow n-uc-1f494b8b049b9-inner\"><div class=\"n2-ss-layer n2-ow n2-ss-layer--block n2-ss-has-self-align n2-ss-stretch-layer n-uc-15ef1bbf4bcaf\" data-pm=\"normal\" data-sstype=\"row\"><div class=\"n2-ss-layer-row n2-ss-layer-with-background n-uc-15ef1bbf4bcaf-inner\"><div class=\"n2-ss-layer-row-inner \"><div class=\"n2-ss-layer n2-ow n-uc-191adc2a4bcf7\" data-pm=\"default\" data-sstype=\"col\"><div class=\"n2-ss-layer-col n2-ss-layer-with-background n2-ss-layer-content n-uc-191adc2a4bcf7-inner\"><div class=\"n2-ss-layer n2-ow n-uc-3notDXrCr4nK\" data-pm=\"normal\" data-sstype=\"layer\"><div id=\"n2-ss-13item1\" class=\"n2-font-c2bfa78e04a548c1b34ad2abbb4dced1-hover   n2-ss-item-content n2-ss-text n2-ow\" style=\"display:block;\">Nos encargamos del dise\u00f1o de tu marca, creamos logos creativos e innovadores que m\u00e1s all\u00e1 de ser un logo, realizar\u00e1 un enfoque a tu marca y agregar\u00e1 identidad, que har\u00e1 a tu empresa \u00fanica en el mercado. Haremos que la imagen de tu empresa genere impacto y sea remarcable ante tus clientes.<\/div><\/div><div class=\"n2-ss-layer n2-ow n-uc-lRTuEoKZKUKk n2-ss-layer--auto\" data-pm=\"normal\" data-sstype=\"layer\"><div class=\"n2-ss-button-container n2-ss-item-content n2-ow n2-font-34abf9de442f058819a7e6ff386b16fe-link  n2-ss-nowrap n2-ss-button-container--non-full-width\"><a class=\"n2-style-68293dc877ed8b4e2dea7422ec421f95-heading  n2-ow \" href=\"https:\/\/77beautifulsites.com\/index.php\/contact\/\"><div><div>CONT\u00c1CTANOS<\/div><\/div><\/a><\/div><\/div><\/div><\/div><div class=\"n2-ss-layer n2-ow n-uc-10b4708c169f4\" data-pm=\"default\" data-sstype=\"col\"><div class=\"n2-ss-layer-col n2-ss-layer-with-background n2-ss-layer-content n-uc-10b4708c169f4-inner\"><div class=\"n2-ss-layer n2-ow n-uc-TsBZc1yQwQ10\" data-pm=\"normal\" data-sstype=\"layer\"><div class=\" n2-ss-item-image-content n2-ss-item-content n2-ow-all\"><img loading=\"lazy\" decoding=\"async\" id=\"n2-ss-13item3\" alt=\"\" class=\"skip-lazy\" width=\"694\" height=\"433\" data-skip-lazy=\"1\" src=\"\/\/77beautifulsites.com\/wp-content\/uploads\/2023\/11\/diseno-logos.png\" \/><\/div><\/div><\/div><\/div><\/div><\/div><\/div><div class=\"n2-ss-layer n2-ow n2-ss-layer--block n2-ss-has-self-align n-uc-1a9d34b3ac3a2\" data-pm=\"normal\" data-sstype=\"row\"><div class=\"n2-ss-layer-row n2-ss-layer-with-background n-uc-1a9d34b3ac3a2-inner\"><div class=\"n2-ss-layer-row-inner \"><div class=\"n2-ss-layer n2-ow n-uc-18b79cd797aea\" data-pm=\"default\" data-sstype=\"col\"><div class=\"n2-ss-layer-col n2-ss-layer-with-background n2-ss-layer-content n-uc-18b79cd797aea-inner\"><div class=\"n2-ss-layer n2-ow n-uc-HT7YNK5pDspe\" data-pm=\"normal\" data-sstype=\"layer\"><div class=\" n2-ss-item-image-content n2-ss-item-content n2-ow-all\"><img loading=\"lazy\" decoding=\"async\" id=\"n2-ss-13item4\" alt=\"\" class=\"skip-lazy\" width=\"478\" height=\"509\" data-skip-lazy=\"1\" src=\"\/\/77beautifulsites.com\/wp-content\/uploads\/2023\/11\/Icono-emprendedor.png\" \/><\/div><\/div><div class=\"n2-ss-layer n2-ow n-uc-KLeVwpIA7etw\" data-pm=\"normal\" data-sstype=\"layer\"><div id=\"n2-ss-13item5\" class=\"n2-font-d6e06436226a8d3a37a2e11ad74266e0-hover   n2-ss-item-content n2-ss-text n2-ow\" style=\"display:block;\">Emprendedor<\/div><\/div><div class=\"n2-ss-layer n2-ow n-uc-PJmFgjOyRv29\" data-pm=\"normal\" data-hidemobileportrait=\"1\" data-sstype=\"layer\"><div id=\"n2-ss-13item6\" class=\"n2-font-50e5bbd220e3d85fe2595bdf45423813-hover   n2-ss-item-content n2-ss-text n2-ow\" style=\"display:block;\"><br>Dise\u00f1amos tu logotipo para representar la esencia de la personalidad de tu empresa.<br> <\/div><\/div><\/div><\/div><div class=\"n2-ss-layer n2-ow n-uc-1ffa0c585ed7a\" data-pm=\"default\" data-sstype=\"col\"><div class=\"n2-ss-layer-col n2-ss-layer-with-background n2-ss-layer-content n-uc-1ffa0c585ed7a-inner\"><div class=\"n2-ss-layer n2-ow n-uc-P1H1ApO9UHK4\" data-pm=\"normal\" data-sstype=\"layer\"><div class=\" n2-ss-item-image-content n2-ss-item-content n2-ow-all\"><img loading=\"lazy\" decoding=\"async\" id=\"n2-ss-13item7\" alt=\"\" class=\"skip-lazy\" width=\"476\" height=\"401\" data-skip-lazy=\"1\" src=\"\/\/77beautifulsites.com\/wp-content\/uploads\/2023\/11\/icono-profesional.png\" \/><\/div><\/div><div class=\"n2-ss-layer n2-ow n-uc-6PsS9tUOI9NR\" data-pm=\"normal\" data-sstype=\"layer\"><div id=\"n2-ss-13item8\" class=\"n2-font-d6e06436226a8d3a37a2e11ad74266e0-hover   n2-ss-item-content n2-ss-text n2-ow\" style=\"display:block;\">Profesional<\/div><\/div><div class=\"n2-ss-layer n2-ow n-uc-vykYmtusA2Rw\" data-pm=\"normal\" data-hidemobileportrait=\"1\" data-sstype=\"layer\"><div id=\"n2-ss-13item9\" class=\"n2-font-50e5bbd220e3d85fe2595bdf45423813-hover   n2-ss-item-content n2-ss-text n2-ow\" style=\"display:block;\"><br>Creamos tu logotipo para que te represente y  genere reconocimiento a tu imagen profesional.<\/div><\/div><\/div><\/div><div class=\"n2-ss-layer n2-ow n-uc-1ea11e17b9f6b\" data-pm=\"default\" data-sstype=\"col\"><div class=\"n2-ss-layer-col n2-ss-layer-with-background n2-ss-layer-content n-uc-1ea11e17b9f6b-inner\"><div class=\"n2-ss-layer n2-ow n-uc-uIeMQB0HioQR\" data-pm=\"normal\" data-sstype=\"layer\"><div class=\" n2-ss-item-image-content n2-ss-item-content n2-ow-all\"><img loading=\"lazy\" decoding=\"async\" id=\"n2-ss-13item10\" alt=\"\" class=\"skip-lazy\" width=\"549\" height=\"393\" data-skip-lazy=\"1\" src=\"\/\/77beautifulsites.com\/wp-content\/uploads\/2023\/11\/Icono-Empresarial.png\" \/><\/div><\/div><div class=\"n2-ss-layer n2-ow n-uc-oGADPedAH0Pm\" data-pm=\"normal\" data-sstype=\"layer\"><div id=\"n2-ss-13item11\" class=\"n2-font-d6e06436226a8d3a37a2e11ad74266e0-hover   n2-ss-item-content n2-ss-text n2-ow\" style=\"display:block;\">Empresarial<\/div><\/div><div class=\"n2-ss-layer n2-ow n-uc-4oi6oNWWtKDO\" data-pm=\"normal\" data-hidemobileportrait=\"1\" data-sstype=\"layer\"><div id=\"n2-ss-13item12\" class=\"n2-font-50e5bbd220e3d85fe2595bdf45423813-hover   n2-ss-item-content n2-ss-text n2-ow\" style=\"display:block;\"><br>Un logo es la cara de tu empresa y ayuda a tu p\u00fablico a reconocer qui\u00e9n eres y qu\u00e9 representas. Creamos tu logo con el fin de que represente la personalidad de tu marca y aumente el concepto de valor tu empresa.<\/div><\/div><\/div><\/div><\/div><\/div><\/div><\/div><\/div><\/div><\/div><\/div><div data-slide-duration=\"0\" data-id=\"62\" data-slide-public-id=\"2\" aria-hidden=\"true\" data-title=\"English\" class=\"n2-ss-slide n2-ow  n2-ss-slide-62\"><div role=\"note\" class=\"n2-ss-slide--focus\" tabindex=\"-1\">English<\/div><div class=\"n2-ss-layers-container n2-ss-slide-limiter n2-ow\"><div class=\"n2-ss-layer n2-ow n-uc-Iie99kfjiga0\" data-sstype=\"slide\" data-pm=\"default\"><div class=\"n2-ss-layer n2-ow n-uc-jCY7YqCSMc6w\" data-pm=\"default\" data-sstype=\"content\" data-hasbackground=\"0\"><div class=\"n2-ss-section-main-content n2-ss-layer-with-background n2-ss-layer-content n2-ow n-uc-jCY7YqCSMc6w-inner\"><div class=\"n2-ss-layer n2-ow n2-ss-layer--block n2-ss-has-self-align n2-ss-stretch-layer n-uc-PEvq45xMwc49\" data-pm=\"normal\" data-sstype=\"row\"><div class=\"n2-ss-layer-row n2-ss-layer-with-background n-uc-PEvq45xMwc49-inner\"><div class=\"n2-ss-layer-row-inner \"><div class=\"n2-ss-layer n2-ow n-uc-GCXNhE9obiRH\" data-pm=\"default\" data-sstype=\"col\"><div class=\"n2-ss-layer-col n2-ss-layer-with-background n2-ss-layer-content n-uc-GCXNhE9obiRH-inner\"><div class=\"n2-ss-layer n2-ow n-uc-hl6Ts7EOrfT6\" data-pm=\"normal\" data-sstype=\"layer\"><div id=\"n2-ss-13item13\" class=\"n2-font-c2bfa78e04a548c1b34ad2abbb4dced1-hover   n2-ss-item-content n2-ss-text n2-ow\" style=\"display:block;\">We like to take care of your brand design, we create creative and innovative logos that, beyond being a logo, will provide a focus for your brand and add identity, which will make your company unique in the market. We will make the image of your company generate impact and be remarkable to your clients.<\/div><\/div><div class=\"n2-ss-layer n2-ow n-uc-lTZKNrsJu6zq n2-ss-layer--auto\" data-pm=\"normal\" data-sstype=\"layer\"><div class=\"n2-ss-button-container n2-ss-item-content n2-ow n2-font-34abf9de442f058819a7e6ff386b16fe-link  n2-ss-nowrap n2-ss-button-container--non-full-width\"><a class=\"n2-style-68293dc877ed8b4e2dea7422ec421f95-heading  n2-ow \" href=\"https:\/\/77beautifulsites.com\/index.php\/contact\/\"><div><div>LET\u00b4S TALK<\/div><\/div><\/a><\/div><\/div><\/div><\/div><div class=\"n2-ss-layer n2-ow n-uc-51VjwirQ6k6P\" data-pm=\"default\" data-sstype=\"col\"><div class=\"n2-ss-layer-col n2-ss-layer-with-background n2-ss-layer-content n-uc-51VjwirQ6k6P-inner\"><div class=\"n2-ss-layer n2-ow n-uc-fySv7ZlssPhp\" data-pm=\"normal\" data-sstype=\"layer\"><div class=\" n2-ss-item-image-content n2-ss-item-content n2-ow-all\"><img decoding=\"async\" id=\"n2-ss-13item15\" alt=\"\" class=\"skip-lazy\" loading=\"lazy\" width=\"694\" height=\"433\" data-skip-lazy=\"1\" src=\"\/\/77beautifulsites.com\/wp-content\/uploads\/2023\/11\/diseno-logos.png\" \/><\/div><\/div><\/div><\/div><\/div><\/div><\/div><div class=\"n2-ss-layer n2-ow n2-ss-layer--block n2-ss-has-self-align n-uc-FIygEe7pdqur\" data-pm=\"normal\" data-sstype=\"row\"><div class=\"n2-ss-layer-row n2-ss-layer-with-background n-uc-FIygEe7pdqur-inner\"><div class=\"n2-ss-layer-row-inner \"><div class=\"n2-ss-layer n2-ow n-uc-mbo97JlK9lML\" data-pm=\"default\" data-sstype=\"col\"><div class=\"n2-ss-layer-col n2-ss-layer-with-background n2-ss-layer-content n-uc-mbo97JlK9lML-inner\"><div class=\"n2-ss-layer n2-ow n-uc-5Teyuws2JSk6\" data-pm=\"normal\" data-sstype=\"layer\"><div class=\" n2-ss-item-image-content n2-ss-item-content n2-ow-all\"><img decoding=\"async\" id=\"n2-ss-13item16\" alt=\"\" class=\"skip-lazy\" loading=\"lazy\" width=\"478\" height=\"509\" data-skip-lazy=\"1\" src=\"\/\/77beautifulsites.com\/wp-content\/uploads\/2023\/11\/Icono-emprendedor.png\" \/><\/div><\/div><div class=\"n2-ss-layer n2-ow n-uc-BPr700ApmHCa\" data-pm=\"normal\" data-sstype=\"layer\"><div id=\"n2-ss-13item17\" class=\"n2-font-d6e06436226a8d3a37a2e11ad74266e0-hover   n2-ss-item-content n2-ss-text n2-ow\" style=\"display:block;\">Entrepreneur<\/div><\/div><div class=\"n2-ss-layer n2-ow n-uc-Bp39Sqd1xJc7\" data-pm=\"normal\" data-hidemobileportrait=\"1\" data-sstype=\"layer\"><div id=\"n2-ss-13item18\" class=\"n2-font-50e5bbd220e3d85fe2595bdf45423813-hover   n2-ss-item-content n2-ss-text n2-ow\" style=\"display:block;\"><br>We design your logo to represent the essence of your company&#8217;s personality.<br> <\/div><\/div><\/div><\/div><div class=\"n2-ss-layer n2-ow n-uc-zKC4cpOoefnc\" data-pm=\"default\" data-sstype=\"col\"><div class=\"n2-ss-layer-col n2-ss-layer-with-background n2-ss-layer-content n-uc-zKC4cpOoefnc-inner\"><div class=\"n2-ss-layer n2-ow n-uc-SJvQRfOEEqK9\" data-pm=\"normal\" data-sstype=\"layer\"><div class=\" n2-ss-item-image-content n2-ss-item-content n2-ow-all\"><img decoding=\"async\" id=\"n2-ss-13item19\" alt=\"\" class=\"skip-lazy\" loading=\"lazy\" width=\"476\" height=\"401\" data-skip-lazy=\"1\" src=\"\/\/77beautifulsites.com\/wp-content\/uploads\/2023\/11\/icono-profesional.png\" \/><\/div><\/div><div class=\"n2-ss-layer n2-ow n-uc-yNDF1xgdq76U\" data-pm=\"normal\" data-sstype=\"layer\"><div id=\"n2-ss-13item20\" class=\"n2-font-d6e06436226a8d3a37a2e11ad74266e0-hover   n2-ss-item-content n2-ss-text n2-ow\" style=\"display:block;\">Professional<\/div><\/div><div class=\"n2-ss-layer n2-ow n-uc-nEUAwfkhxx7g\" data-pm=\"normal\" data-hidemobileportrait=\"1\" data-sstype=\"layer\"><div id=\"n2-ss-13item21\" class=\"n2-font-50e5bbd220e3d85fe2595bdf45423813-hover   n2-ss-item-content n2-ss-text n2-ow\" style=\"display:block;\"><br>We create your logo so that it represents you and generates recognition of your professional image.<\/div><\/div><\/div><\/div><div class=\"n2-ss-layer n2-ow n-uc-mEF7aWcNyX9Q\" data-pm=\"default\" data-sstype=\"col\"><div class=\"n2-ss-layer-col n2-ss-layer-with-background n2-ss-layer-content n-uc-mEF7aWcNyX9Q-inner\"><div class=\"n2-ss-layer n2-ow n-uc-UGn05YNdITOp\" data-pm=\"normal\" data-sstype=\"layer\"><div class=\" n2-ss-item-image-content n2-ss-item-content n2-ow-all\"><img decoding=\"async\" id=\"n2-ss-13item22\" alt=\"\" class=\"skip-lazy\" loading=\"lazy\" width=\"549\" height=\"393\" data-skip-lazy=\"1\" src=\"\/\/77beautifulsites.com\/wp-content\/uploads\/2023\/11\/Icono-Empresarial.png\" \/><\/div><\/div><div class=\"n2-ss-layer n2-ow n-uc-1QdgP32thE4C\" data-pm=\"normal\" data-sstype=\"layer\"><div id=\"n2-ss-13item23\" class=\"n2-font-d6e06436226a8d3a37a2e11ad74266e0-hover   n2-ss-item-content n2-ss-text n2-ow\" style=\"display:block;\">Business<\/div><\/div><div class=\"n2-ss-layer n2-ow n-uc-7K9dJ5IRiZHB\" data-pm=\"normal\" data-hidemobileportrait=\"1\" data-sstype=\"layer\"><div id=\"n2-ss-13item24\" class=\"n2-font-50e5bbd220e3d85fe2595bdf45423813-hover   n2-ss-item-content n2-ss-text n2-ow\" style=\"display:block;\"><br>A logo is the face of your company and helps your audience to recognize who you are and what you represent. We create your logo in order to represent the personality of your brand and increase the concept of value of your company.<\/div><\/div><\/div><\/div><\/div><\/div><\/div><\/div><\/div><\/div><\/div><\/div>                    <\/div>\n\n                                    <\/div>\n            <\/div>\n        <\/div>\n        <div class=\"n2-ss-slider-controls n2-ss-slider-controls-absolute-left-center\"><div style=\"--widget-offset:15px;\" class=\"n2-ss-widget n2-style-107cb0e4b96e295f0c4852cfc0854d07-heading nextend-arrow n2-ow-all nextend-arrow-previous  nextend-arrow-animated-fade\" data-hide-mobileportrait=\"1\" id=\"n2-ss-13-arrow-previous\" role=\"button\" aria-label=\"previous arrow\" tabindex=\"0\"><img loading=\"lazy\" decoding=\"async\" width=\"32\" height=\"32\" class=\"skip-lazy\" data-skip-lazy=\"1\" src=\"data:image\/svg+xml;base64,PHN2ZyB4bWxucz0iaHR0cDovL3d3dy53My5vcmcvMjAwMC9zdmciIHdpZHRoPSIzMiIgaGVpZ2h0PSIzMiIgdmlld0JveD0iMCAwIDMyIDMyIj4KICAgIDxwYXRoIGZpbGw9IiNmZmZmZmYiIG9wYWNpdHk9IjAuOCIgZmlsbC1ydWxlPSJldmVub2RkIgogICAgICAgICAgZD0iTTE4Ljk5NTggOC45OTA3YzAtLjQyNC0uMjA0LS43MjMtLjYxLS44OTgtLjQwOS0uMTczLS43NzItLjEwNC0xLjA5My4yMDlsLTcuMDA2IDYuOTc1Yy0uMjAxLjE5OS0uMjk3LjQzNy0uMjg2LjcxNiAwIC4yNjcuMDk2LjQ5OC4yODYuNjg5bDcuMDA2IDcuMDAxYy4zMjEuMzIxLjY4NC4zODkgMS4wOTMuMjA5LjQwNi0uMTc0LjYxLS40ODIuNjEtLjkyMlY4Ljk5MDd6Ii8+Cjwvc3ZnPg==\" alt=\"previous arrow\"><\/div><\/div><div class=\"n2-ss-slider-controls n2-ss-slider-controls-absolute-right-center\"><div style=\"--widget-offset:15px;\" class=\"n2-ss-widget n2-style-107cb0e4b96e295f0c4852cfc0854d07-heading nextend-arrow n2-ow-all nextend-arrow-next  nextend-arrow-animated-fade\" data-hide-mobileportrait=\"1\" id=\"n2-ss-13-arrow-next\" role=\"button\" aria-label=\"next arrow\" tabindex=\"0\"><img loading=\"lazy\" decoding=\"async\" width=\"32\" height=\"32\" class=\"skip-lazy\" data-skip-lazy=\"1\" src=\"data:image\/svg+xml;base64,PHN2ZyB3aWR0aD0iMzIiIGhlaWdodD0iMzIiIHZpZXdCb3g9IjAgMCAzMiAzMiIgeG1sbnM9Imh0dHA6Ly93d3cudzMub3JnLzIwMDAvc3ZnIj4KICAgIDxwYXRoIGQ9Ik0xMiA4Ljk5YzAtLjQyMy4yMDQtLjcyMi42MS0uODk3LjQwOC0uMTczLjc3Mi0uMTA0IDEuMDkyLjIxbDcuMDA2IDYuOTc0Yy4yMDIuMi4yOTguNDM3LjI4Ny43MTYgMCAuMjY3LS4wOTYuNDk4LS4yODcuNjlsLTcuMDA2IDdjLS4zMi4zMi0uNjg0LjM5LTEuMDkyLjIxLS40MDYtLjE3NS0uNjEtLjQ4My0uNjEtLjkyM1Y4Ljk5eiIKICAgICAgICAgIGZpbGw9IiNmZmZmZmYiIG9wYWNpdHk9IjAuOCIgZmlsbC1ydWxlPSJldmVub2RkIi8+Cjwvc3ZnPg==\" alt=\"next arrow\"><\/div><\/div><\/div><\/div><ss3-loader><\/ss3-loader><\/div><\/div><div class=\"n2_clear\"><\/div><\/div><\/ss3-force-full-width><\/div>\n\n\n<p><\/p>\n<\/div><\/div>\n\n\n\n<div class=\"wp-block-uagb-container uagb-block-125284e3 alignfull uagb-is-root-container\"><div class=\"uagb-container-inner-blocks-wrap\">\n<div class=\"wp-block-uagb-info-box uagb-block-db0f21e9 uagb-infobox__content-wrap  uagb-infobox-icon-above-title uagb-infobox-image-valign-top\"><div class=\"uagb-ifb-content\"><div class=\"uagb-ifb-image-content\"><img decoding=\"async\" src=\"https:\/\/77beautifulsites.com\/wp-content\/uploads\/2023\/11\/diseno-web-150x150.jpg\" alt=\"\" width=\"\" height=\"0\" loading=\"lazy\"\/><\/div><div class=\"uagb-ifb-title-wrap\"><h2 class=\"uagb-ifb-title\">Listo para comenzar tu nuevo proyecto \/ Ready to start your new project<\/h2><\/div><div class=\"uagb-ifb-button-wrapper wp-block-button\"><a href=\"#\" class=\"uagb-infobox-cta-link wp-block-button__link\" target=\"_self\" rel=\"noopener noreferrer\" onclick=\"return false;\" alt=\"\"><span class=\"uagb-inline-editing\">llamanos<\/span><svg xmlns=\"https:\/\/www.w3.org\/2000\/svg\" viewBox=\"0 0 448 512\"><path d=\"M438.6 278.6l-160 160C272.4 444.9 264.2 448 256 448s-16.38-3.125-22.62-9.375c-12.5-12.5-12.5-32.75 0-45.25L338.8 288H32C14.33 288 .0016 273.7 .0016 256S14.33 224 32 224h306.8l-105.4-105.4c-12.5-12.5-12.5-32.75 0-45.25s32.75-12.5 45.25 0l160 160C451.1 245.9 451.1 266.1 438.6 278.6z\"><\/path><\/svg><\/a><\/div><\/div><\/div>\n<\/div><\/div>\n","protected":false},"excerpt":{"rendered":"","protected":false},"author":1,"featured_media":1818,"parent":0,"menu_order":0,"comment_status":"closed","ping_status":"closed","template":"","meta":{"_eb_attr":"","_uag_custom_page_level_css":"","site-sidebar-layout":"no-sidebar","site-content-layout":"plain-container","ast-site-content-layout":"normal-width-container","site-content-style":"unboxed","site-sidebar-style":"unboxed","ast-global-header-display":"","ast-banner-title-visibility":"","ast-main-header-display":"","ast-hfb-above-header-display":"","ast-hfb-below-header-display":"","ast-hfb-mobile-header-display":"","site-post-title":"disabled","ast-breadcrumbs-content":"","ast-featured-img":"disabled","footer-sml-layout":"","theme-transparent-header-meta":"enabled","adv-header-id-meta":"","stick-header-meta":"","header-above-stick-meta":"","header-main-stick-meta":"","header-below-stick-meta":"","astra-migrate-meta-layouts":"set","ast-page-background-enabled":"default","ast-page-background-meta":{"desktop":{"background-color":"","background-image":"","background-repeat":"repeat","background-position":"center center","background-size":"auto","background-attachment":"scroll","background-type":"","background-media":"","overlay-type":"","overlay-color":"","overlay-opacity":"","overlay-gradient":""},"tablet":{"background-color":"","background-image":"","background-repeat":"repeat","background-position":"center center","background-size":"auto","background-attachment":"scroll","background-type":"","background-media":"","overlay-type":"","overlay-color":"","overlay-opacity":"","overlay-gradient":""},"mobile":{"background-color":"","background-image":"","background-repeat":"repeat","background-position":"center center","background-size":"auto","background-attachment":"scroll","background-type":"","background-media":"","overlay-type":"","overlay-color":"","overlay-opacity":"","overlay-gradient":""}},"ast-content-background-meta":{"desktop":{"background-color":"var(--ast-global-color-5)","background-image":"","background-repeat":"repeat","background-position":"center center","background-size":"auto","background-attachment":"scroll","background-type":"","background-media":"","overlay-type":"","overlay-color":"","overlay-opacity":"","overlay-gradient":""},"tablet":{"background-color":"var(--ast-global-color-5)","background-image":"","background-repeat":"repeat","background-position":"center center","background-size":"auto","background-attachment":"scroll","background-type":"","background-media":"","overlay-type":"","overlay-color":"","overlay-opacity":"","overlay-gradient":""},"mobile":{"background-color":"var(--ast-global-color-5)","background-image":"","background-repeat":"repeat","background-position":"center center","background-size":"auto","background-attachment":"scroll","background-type":"","background-media":"","overlay-type":"","overlay-color":"","overlay-opacity":"","overlay-gradient":""}},"footnotes":""},"class_list":["post-2031","page","type-page","status-publish","has-post-thumbnail","hentry"],"uagb_featured_image_src":{"full":["https:\/\/77beautifulsites.com\/wp-content\/uploads\/2023\/11\/pag-web2.png",924,1024,false],"thumbnail":["https:\/\/77beautifulsites.com\/wp-content\/uploads\/2023\/11\/pag-web2-150x150.png",150,150,true],"medium":["https:\/\/77beautifulsites.com\/wp-content\/uploads\/2023\/11\/pag-web2-271x300.png",271,300,true],"medium_large":["https:\/\/77beautifulsites.com\/wp-content\/uploads\/2023\/11\/pag-web2-768x851.png",768,851,true],"large":["https:\/\/77beautifulsites.com\/wp-content\/uploads\/2023\/11\/pag-web2.png",924,1024,false],"1536x1536":["https:\/\/77beautifulsites.com\/wp-content\/uploads\/2023\/11\/pag-web2.png",924,1024,false],"2048x2048":["https:\/\/77beautifulsites.com\/wp-content\/uploads\/2023\/11\/pag-web2.png",924,1024,false]},"uagb_author_info":{"display_name":"77beautifulsites.com","author_link":"https:\/\/77beautifulsites.com\/author\/77beautifulsites-com\/"},"uagb_comment_info":0,"uagb_excerpt":null,"_links":{"self":[{"href":"https:\/\/77beautifulsites.com\/index.php\/wp-json\/wp\/v2\/pages\/2031","targetHints":{"allow":["GET"]}}],"collection":[{"href":"https:\/\/77beautifulsites.com\/index.php\/wp-json\/wp\/v2\/pages"}],"about":[{"href":"https:\/\/77beautifulsites.com\/index.php\/wp-json\/wp\/v2\/types\/page"}],"author":[{"embeddable":true,"href":"https:\/\/77beautifulsites.com\/index.php\/wp-json\/wp\/v2\/users\/1"}],"replies":[{"embeddable":true,"href":"https:\/\/77beautifulsites.com\/index.php\/wp-json\/wp\/v2\/comments?post=2031"}],"version-history":[{"count":6,"href":"https:\/\/77beautifulsites.com\/index.php\/wp-json\/wp\/v2\/pages\/2031\/revisions"}],"predecessor-version":[{"id":2082,"href":"https:\/\/77beautifulsites.com\/index.php\/wp-json\/wp\/v2\/pages\/2031\/revisions\/2082"}],"wp:featuredmedia":[{"embeddable":true,"href":"https:\/\/77beautifulsites.com\/index.php\/wp-json\/wp\/v2\/media\/1818"}],"wp:attachment":[{"href":"https:\/\/77beautifulsites.com\/index.php\/wp-json\/wp\/v2\/media?parent=2031"}],"curies":[{"name":"wp","href":"https:\/\/api.w.org\/{rel}","templated":true}]}}