{"id":1075,"date":"2021-10-12T09:10:16","date_gmt":"2021-10-12T07:10:16","guid":{"rendered":"https:\/\/77beautifulsites.com\/index.php\/all-courses\/"},"modified":"2024-04-05T03:55:53","modified_gmt":"2024-04-05T01:55:53","slug":"services-servicios","status":"publish","type":"page","link":"https:\/\/77beautifulsites.com\/index.php\/services-servicios\/","title":{"rendered":"Services \/ Servicios"},"content":{"rendered":"\n<div class=\"wp-block-uagb-container uagb-block-2800fbfa alignfull uagb-is-root-container\"><div class=\"uagb-container-inner-blocks-wrap\">\n<div class=\"wp-block-uagb-info-box uagb-block-fec67cf7 uagb-infobox__content-wrap  uagb-infobox-icon-above-title uagb-infobox-image-valign-top\"><div class=\"uagb-ifb-content\"><div class=\"uagb-ifb-title-wrap\"><div class=\"uagb-ifb-separator\"><\/div><h1 class=\"uagb-ifb-title\">Services \/ Servicios<\/h1><\/div><\/div><\/div>\n<\/div><\/div>\n\n\n\n<div class=\"wp-block-uagb-container uagb-block-bae3b332 alignfull uagb-is-root-container\"><div class=\"uagb-container-inner-blocks-wrap\">\n<div class=\"wp-block-columns is-layout-flex wp-container-core-columns-is-layout-28f84493 wp-block-columns-is-layout-flex\">\n<div class=\"wp-block-column has-background is-layout-flow wp-block-column-is-layout-flow\" style=\"background-color:#5eafe1\">\n<div class=\"wp-block-uagb-advanced-heading uagb-block-36c4463a\"><h2 class=\"uagb-heading-text\">Tienda Online<\/h2><\/div>\n\n\n\n<p class=\"has-text-align-left has-ast-global-color-5-color has-text-color\" style=\"margin-right:var(--wp--preset--spacing--30);margin-left:var(--wp--preset--spacing--30)\">Creamos soluciones digitales E-commerce, con identidad para posicionar y hacer crecer tu empresa, negocio y emprendimiento. Pensamos en la f\u00e1cil navegaci\u00f3n del usuario final, destacando los productos \u00f3 servicios y brindando un proceso seguro y vers\u00e1til en su compra.<\/p>\n\n\n\n<p class=\"has-text-align-left has-ast-global-color-5-color has-text-color\" style=\"margin-right:var(--wp--preset--spacing--30);margin-left:var(--wp--preset--spacing--30)\">We create digital E-commerce solutions, with identity in order to position and grow your company, business and entrepreneurship.<br>We think about easy navigation for the final user, highlighting the products or services and providing a safe and versatile purchasing process.<\/p>\n<\/div>\n\n\n\n<div class=\"wp-block-column has-background is-layout-flow wp-block-column-is-layout-flow\" style=\"background-color:#5eafe1\">\n<figure class=\"wp-block-image size-full\"><img loading=\"lazy\" decoding=\"async\" width=\"630\" height=\"360\" src=\"https:\/\/77beautifulsites.com\/wp-content\/uploads\/2023\/11\/Online-Store1.jpg\" alt=\"\" class=\"wp-image-1936\" srcset=\"https:\/\/77beautifulsites.com\/wp-content\/uploads\/2023\/11\/Online-Store1.jpg 630w, https:\/\/77beautifulsites.com\/wp-content\/uploads\/2023\/11\/Online-Store1-300x171.jpg 300w\" sizes=\"auto, (max-width: 630px) 100vw, 630px\" \/><\/figure>\n\n\n\n<div class=\"wp-block-buttons is-layout-flex wp-block-buttons-is-layout-flex\">\n<div class=\"wp-block-button is-style-outline is-style-outline--1\"><a class=\"wp-block-button__link has-vivid-cyan-blue-color has-ast-global-color-4-background-color has-text-color has-background has-border-color has-ast-global-color-5-border-color wp-element-button\" href=\"https:\/\/77beautifulsites.com\/index.php\/tienda-online-online-store\/\">CONOCER M\u00c1S<\/a><\/div>\n\n\n\n<div class=\"wp-block-button is-style-outline is-style-outline--2\"><a class=\"wp-block-button__link has-vivid-cyan-blue-color has-ast-global-color-4-background-color has-text-color has-background has-border-color has-ast-global-color-5-border-color wp-element-button\" href=\"https:\/\/77beautifulsites.com\/index.php\/tienda-online-online-store\/\">FIND OUT MORE<\/a><\/div>\n<\/div>\n<\/div>\n<\/div>\n<\/div><\/div>\n\n\n\n<div class=\"wp-block-uagb-container uagb-block-7d3a4f0b alignfull uagb-is-root-container\"><div class=\"uagb-container-inner-blocks-wrap\">\n<div class=\"wp-block-uagb-container uagb-block-db0e6909\">\n<div class=\"wp-block-uagb-buttons uagb-buttons__outer-wrap uagb-btn__default-btn uagb-btn-tablet__default-btn uagb-btn-mobile__default-btn uagb-block-415107dc\"><div class=\"uagb-buttons__wrap uagb-buttons-layout-wrap \">\n<div class=\"wp-block-uagb-buttons-child uagb-buttons__outer-wrap uagb-block-e35d19b8 wp-block-button is-style-outline\"><div class=\"uagb-button__wrapper\"><a class=\"uagb-buttons-repeater wp-block-button__link\" aria-label=\"\" href=\"https:\/\/77beautifulsites.com\/index.php\/contact\/\" rel=\"follow noopener\" target=\"_self\"><div class=\"uagb-button__link\">Comencemos tu proyecto web<\/div><\/a><\/div><\/div>\n<\/div><\/div>\n<\/div>\n\n\n\n<div class=\"wp-block-columns is-layout-flex wp-container-core-columns-is-layout-28f84493 wp-block-columns-is-layout-flex\">\n<div class=\"wp-block-column has-background is-layout-flow wp-block-column-is-layout-flow\" style=\"background-color:#5eafe1\">\n<figure class=\"wp-block-image size-large\"><img loading=\"lazy\" decoding=\"async\" width=\"1024\" height=\"615\" src=\"https:\/\/77beautifulsites.com\/wp-content\/uploads\/2023\/11\/web.-para-hotel-1024x615.png\" alt=\"\" class=\"wp-image-1962\" srcset=\"https:\/\/77beautifulsites.com\/wp-content\/uploads\/2023\/11\/web.-para-hotel-1024x615.png 1024w, https:\/\/77beautifulsites.com\/wp-content\/uploads\/2023\/11\/web.-para-hotel-300x180.png 300w, https:\/\/77beautifulsites.com\/wp-content\/uploads\/2023\/11\/web.-para-hotel-768x461.png 768w, https:\/\/77beautifulsites.com\/wp-content\/uploads\/2023\/11\/web.-para-hotel.png 1041w\" sizes=\"auto, (max-width: 1024px) 100vw, 1024px\" \/><\/figure>\n\n\n\n<div class=\"wp-block-buttons is-layout-flex wp-block-buttons-is-layout-flex\">\n<div class=\"wp-block-button is-style-outline is-style-outline--3\"><a class=\"wp-block-button__link has-vivid-cyan-blue-color has-ast-global-color-4-background-color has-text-color has-background has-border-color has-ast-global-color-5-border-color wp-element-button\" href=\"https:\/\/77beautifulsites.com\/index.php\/pagina-web-hoteles-hotel-website\/\">CONOCER M\u00c1S<\/a><\/div>\n\n\n\n<div class=\"wp-block-button is-style-outline is-style-outline--4\"><a class=\"wp-block-button__link has-vivid-cyan-blue-color has-ast-global-color-4-background-color has-text-color has-background has-border-color has-ast-global-color-5-border-color wp-element-button\" href=\"https:\/\/77beautifulsites.com\/index.php\/pagina-web-hoteles-hotel-website\/\">FIND OUT MORE<\/a><\/div>\n<\/div>\n<\/div>\n\n\n\n<div class=\"wp-block-column has-background is-layout-flow wp-block-column-is-layout-flow\" style=\"background-color:#5eafe1\">\n<div class=\"wp-block-uagb-advanced-heading uagb-block-fe3a2d70\"><h2 class=\"uagb-heading-text\">P\u00e1gina Web Hoteles \/ Hotel Website<\/h2><\/div>\n\n\n\n<p class=\"has-text-align-left has-ast-global-color-5-color has-text-color\" style=\"margin-right:var(--wp--preset--spacing--30);margin-left:var(--wp--preset--spacing--30)\"><strong>CONSTRUIMOS TU P\u00c1GINA, CON DISE\u00d1O HERMOSO PARA ATRAER A TUS CLIENTES A TU HOTEL.<\/strong><\/p>\n\n\n\n<p class=\"has-text-align-left has-ast-global-color-5-color has-text-color\" style=\"margin-right:var(--wp--preset--spacing--30);margin-left:var(--wp--preset--spacing--30)\"><strong>LA CONVERSI\u00d3N ES FUNDAMENTAL Y POR ELLO ES EL CENTRO DE LA ESTRATEGIA DE NUESTRO DISE\u00d1O WEB.<\/strong><\/p>\n\n\n\n<p class=\"has-text-align-left has-ast-global-color-5-color has-text-color\" style=\"margin-right:var(--wp--preset--spacing--30);margin-left:var(--wp--preset--spacing--30)\">WE BUILD YOUR PAGE, WITH THE MOST BEAUTIFUL DESIGN TO ATTRACT YOUR CUSTOMERS TO YOUR HOTEL.<\/p>\n\n\n\n<p class=\"has-text-align-left has-ast-global-color-5-color has-text-color\" style=\"margin-right:var(--wp--preset--spacing--30);margin-left:var(--wp--preset--spacing--30)\">CONVERSION IS FUNDAMENTAL AND THAT\u00b4S WHY, IT IS THE CENTER OF OUR WEB DESIGN STRATEGY.<\/p>\n<\/div>\n<\/div>\n<\/div><\/div>\n\n\n\n<div class=\"wp-block-uagb-container uagb-block-1aa1da6f alignfull uagb-is-root-container\"><div class=\"uagb-container-inner-blocks-wrap\">\n<div class=\"wp-block-uagb-container uagb-block-309db0cd\">\n<div class=\"wp-block-uagb-buttons uagb-buttons__outer-wrap uagb-btn__default-btn uagb-btn-tablet__default-btn uagb-btn-mobile__default-btn uagb-block-a96b129e\"><div class=\"uagb-buttons__wrap uagb-buttons-layout-wrap \">\n<div class=\"wp-block-uagb-buttons-child uagb-buttons__outer-wrap uagb-block-c6fa2104 wp-block-button is-style-outline\"><div class=\"uagb-button__wrapper\"><a class=\"uagb-buttons-repeater wp-block-button__link\" aria-label=\"\" href=\"https:\/\/77beautifulsites.com\/index.php\/contact\/\" rel=\"follow noopener\" target=\"_self\"><div class=\"uagb-button__link\">Comencemos tu proyecto web<\/div><\/a><\/div><\/div>\n<\/div><\/div>\n<\/div>\n\n\n\n<div class=\"wp-block-columns is-layout-flex wp-container-core-columns-is-layout-28f84493 wp-block-columns-is-layout-flex\">\n<div class=\"wp-block-column has-background is-layout-flow wp-block-column-is-layout-flow\" style=\"background-color:#5eafe1\">\n<div class=\"wp-block-uagb-advanced-heading uagb-block-11ecf2a0\"><h2 class=\"uagb-heading-text\">P\u00e1gina Web Profesional \/ Professional Website<\/h2><\/div>\n\n\n\n<p class=\"has-text-align-left has-ast-global-color-5-color has-text-color\" style=\"margin-right:var(--wp--preset--spacing--30);margin-left:var(--wp--preset--spacing--30)\">Desarrollamos tu pagina web con altos est\u00e1ndares de Calidad, pensando en tu servicio espec\u00edfico.<\/p>\n\n\n\n<p class=\"has-text-align-left has-ast-global-color-5-color has-text-color\" style=\"margin-right:var(--wp--preset--spacing--30);margin-left:var(--wp--preset--spacing--30)\">Para que el dise\u00f1o web profesional se vea perfecto en todos lados nuestras p\u00e1ginas web son responsive a los diferentes exploradores de internet \u00f3 dispositivos como m\u00f3viles, tablets y ordenadores.<\/p>\n\n\n\n<p class=\"has-text-align-left has-ast-global-color-5-color has-text-color\" style=\"margin-right:var(--wp--preset--spacing--30);margin-left:var(--wp--preset--spacing--30)\">We develop your website with high quality standards, thinking about your specific service.<\/p>\n\n\n\n<p class=\"has-text-align-left has-ast-global-color-5-color has-text-color\" style=\"margin-right:var(--wp--preset--spacing--30);margin-left:var(--wp--preset--spacing--30)\">So that the professional web design looks perfect on all sides, our web pages are responsive to different internet browsers or devices such as mobile phones, tablets and computers.<\/p>\n<\/div>\n\n\n\n<div class=\"wp-block-column has-background is-layout-flow wp-block-column-is-layout-flow\" style=\"background-color:#5eafe1\">\n<figure class=\"wp-block-image size-full\"><img loading=\"lazy\" decoding=\"async\" width=\"1024\" height=\"682\" src=\"https:\/\/77beautifulsites.com\/wp-content\/uploads\/2023\/11\/WEB-PROFESIONAL-3-1.jpg\" alt=\"\" class=\"wp-image-1979\" srcset=\"https:\/\/77beautifulsites.com\/wp-content\/uploads\/2023\/11\/WEB-PROFESIONAL-3-1.jpg 1024w, https:\/\/77beautifulsites.com\/wp-content\/uploads\/2023\/11\/WEB-PROFESIONAL-3-1-300x200.jpg 300w, https:\/\/77beautifulsites.com\/wp-content\/uploads\/2023\/11\/WEB-PROFESIONAL-3-1-768x512.jpg 768w\" sizes=\"auto, (max-width: 1024px) 100vw, 1024px\" \/><\/figure>\n\n\n\n<div class=\"wp-block-buttons is-layout-flex wp-block-buttons-is-layout-flex\">\n<div class=\"wp-block-button is-style-outline is-style-outline--5\"><a class=\"wp-block-button__link has-vivid-cyan-blue-color has-ast-global-color-4-background-color has-text-color has-background has-border-color has-ast-global-color-5-border-color wp-element-button\" href=\"https:\/\/77beautifulsites.com\/index.php\/pagina-web-profesional-professional-website\/\">CONOCER M\u00c1S<\/a><\/div>\n\n\n\n<div class=\"wp-block-button is-style-outline is-style-outline--6\"><a class=\"wp-block-button__link has-vivid-cyan-blue-color has-ast-global-color-4-background-color has-text-color has-background has-border-color has-ast-global-color-5-border-color wp-element-button\" href=\"https:\/\/77beautifulsites.com\/index.php\/pagina-web-profesional-professional-website\/\">FIND OUT MORE<\/a><\/div>\n<\/div>\n<\/div>\n<\/div>\n<\/div><\/div>\n\n\n\n<div class=\"wp-block-uagb-container uagb-block-8c513094 alignfull uagb-is-root-container\"><div class=\"uagb-container-inner-blocks-wrap\">\n<div class=\"wp-block-uagb-container uagb-block-dcaca4a1\">\n<div class=\"wp-block-uagb-buttons uagb-buttons__outer-wrap uagb-btn__default-btn uagb-btn-tablet__default-btn uagb-btn-mobile__default-btn uagb-block-906cbb7d\"><div class=\"uagb-buttons__wrap uagb-buttons-layout-wrap \">\n<div class=\"wp-block-uagb-buttons-child uagb-buttons__outer-wrap uagb-block-e2bd42da wp-block-button is-style-outline\"><div class=\"uagb-button__wrapper\"><a class=\"uagb-buttons-repeater wp-block-button__link\" aria-label=\"\" href=\"https:\/\/77beautifulsites.com\/index.php\/contact\/\" rel=\"follow noopener\" target=\"_self\"><div class=\"uagb-button__link\">Comencemos tu proyecto web<\/div><\/a><\/div><\/div>\n<\/div><\/div>\n<\/div>\n\n\n\n<div class=\"wp-block-columns is-layout-flex wp-container-core-columns-is-layout-28f84493 wp-block-columns-is-layout-flex\">\n<div class=\"wp-block-column has-background is-layout-flow wp-block-column-is-layout-flow\" style=\"background-color:#5eafe1\">\n<figure class=\"wp-block-image size-full\"><img loading=\"lazy\" decoding=\"async\" width=\"700\" height=\"388\" src=\"https:\/\/77beautifulsites.com\/wp-content\/uploads\/2023\/11\/diseno-logo.jpg\" alt=\"\" class=\"wp-image-1788\" srcset=\"https:\/\/77beautifulsites.com\/wp-content\/uploads\/2023\/11\/diseno-logo.jpg 700w, https:\/\/77beautifulsites.com\/wp-content\/uploads\/2023\/11\/diseno-logo-300x166.jpg 300w\" sizes=\"auto, (max-width: 700px) 100vw, 700px\" \/><\/figure>\n\n\n\n<div class=\"wp-block-buttons is-layout-flex wp-block-buttons-is-layout-flex\">\n<div class=\"wp-block-button is-style-outline is-style-outline--7\"><a class=\"wp-block-button__link has-vivid-cyan-blue-color has-ast-global-color-4-background-color has-text-color has-background has-border-color has-ast-global-color-5-border-color wp-element-button\" href=\"https:\/\/77beautifulsites.com\/index.php\/diseno-de-logos-logo-design\/\">CONOCER M\u00c1S<\/a><\/div>\n\n\n\n<div class=\"wp-block-button is-style-outline is-style-outline--8\"><a class=\"wp-block-button__link has-vivid-cyan-blue-color has-ast-global-color-4-background-color has-text-color has-background has-border-color has-ast-global-color-5-border-color wp-element-button\" href=\"https:\/\/77beautifulsites.com\/index.php\/diseno-de-logos-logo-design\/\">FIND OUT MORE<\/a><\/div>\n<\/div>\n<\/div>\n\n\n\n<div class=\"wp-block-column has-background is-layout-flow wp-block-column-is-layout-flow\" style=\"background-color:#5eafe1\">\n<div class=\"wp-block-uagb-advanced-heading uagb-block-76392c80\"><h2 class=\"uagb-heading-text\">Dise\u00f1o de Logos\/ Logo Design<\/h2><\/div>\n\n\n\n<p class=\"has-text-align-left has-ast-global-color-5-color has-text-color\" style=\"margin-right:var(--wp--preset--spacing--30);margin-left:var(--wp--preset--spacing--30)\">Nos encargamos del dise\u00f1o de tu marca, creamos logos creativos e innovadores que m\u00e1s all\u00e1 de ser un logo, realizar\u00e1 un enfoque a tu marca y agregar\u00e1 identidad, que har\u00e1 a tu empresa \u00fanica en el mercado. Haremos que la imagen de tu empresa genere impacto y sea remarcable ante tus clientes.<\/p>\n\n\n\n<p class=\"has-text-align-left has-ast-global-color-5-color has-text-color\" style=\"margin-right:var(--wp--preset--spacing--30);margin-left:var(--wp--preset--spacing--30)\">We like to take care of your brand design, we create creative and innovative logos that, beyond being a logo, will provide a focus for your brand and add identity, which will make your company unique in the market. We will make the image of your company generate impact and be remarkable to your clients.<\/p>\n<\/div>\n<\/div>\n<\/div><\/div>\n\n\n\n<div class=\"wp-block-uagb-container uagb-block-125284e3 alignfull uagb-is-root-container\"><div class=\"uagb-container-inner-blocks-wrap\">\n<div class=\"wp-block-uagb-info-box uagb-block-db0f21e9 uagb-infobox__content-wrap  uagb-infobox-icon-above-title uagb-infobox-image-valign-top\"><div class=\"uagb-ifb-content\"><div class=\"uagb-ifb-image-content\"><img decoding=\"async\" src=\"https:\/\/77beautifulsites.com\/wp-content\/uploads\/2023\/11\/diseno-web-150x150.jpg\" alt=\"\" width=\"\" height=\"0\" loading=\"lazy\"\/><\/div><div class=\"uagb-ifb-title-wrap\"><h2 class=\"uagb-ifb-title\">Listo para comenzar tu nuevo proyecto \/ Ready to start your new project<\/h2><\/div><div class=\"uagb-ifb-button-wrapper wp-block-button\"><a href=\"https:\/\/77beautifulsites.com\/index.php\/contact\/\" class=\"uagb-infobox-cta-link wp-block-button__link\" target=\"_self\" rel=\"noopener noreferrer\" onclick=\"return true;\" alt=\"\"><span class=\"uagb-inline-editing\">llamanos<\/span><svg xmlns=\"https:\/\/www.w3.org\/2000\/svg\" viewBox=\"0 0 448 512\"><path d=\"M438.6 278.6l-160 160C272.4 444.9 264.2 448 256 448s-16.38-3.125-22.62-9.375c-12.5-12.5-12.5-32.75 0-45.25L338.8 288H32C14.33 288 .0016 273.7 .0016 256S14.33 224 32 224h306.8l-105.4-105.4c-12.5-12.5-12.5-32.75 0-45.25s32.75-12.5 45.25 0l160 160C451.1 245.9 451.1 266.1 438.6 278.6z\"><\/path><\/svg><\/a><\/div><\/div><\/div>\n<\/div><\/div>\n","protected":false},"excerpt":{"rendered":"<p>Tienda Online Creamos soluciones digitales E-commerce, con identidad para posicionar y hacer crecer tu empresa, negocio y emprendimiento. Pensamos en la f\u00e1cil navegaci\u00f3n del usuario final, destacando los productos \u00f3 servicios y brindando un proceso seguro y vers\u00e1til en su compra. We create digital E-commerce solutions, with identity in order to position and grow your [&hellip;]<\/p>\n","protected":false},"author":1,"featured_media":1818,"parent":0,"menu_order":0,"comment_status":"closed","ping_status":"closed","template":"","meta":{"_eb_attr":"","_uag_custom_page_level_css":"","site-sidebar-layout":"no-sidebar","site-content-layout":"plain-container","ast-site-content-layout":"normal-width-container","site-content-style":"unboxed","site-sidebar-style":"unboxed","ast-global-header-display":"","ast-banner-title-visibility":"","ast-main-header-display":"","ast-hfb-above-header-display":"","ast-hfb-below-header-display":"","ast-hfb-mobile-header-display":"","site-post-title":"disabled","ast-breadcrumbs-content":"","ast-featured-img":"disabled","footer-sml-layout":"","theme-transparent-header-meta":"enabled","adv-header-id-meta":"","stick-header-meta":"","header-above-stick-meta":"","header-main-stick-meta":"","header-below-stick-meta":"","astra-migrate-meta-layouts":"set","ast-page-background-enabled":"default","ast-page-background-meta":{"desktop":{"background-color":"","background-image":"","background-repeat":"repeat","background-position":"center center","background-size":"auto","background-attachment":"scroll","background-type":"","background-media":"","overlay-type":"","overlay-color":"","overlay-opacity":"","overlay-gradient":""},"tablet":{"background-color":"","background-image":"","background-repeat":"repeat","background-position":"center center","background-size":"auto","background-attachment":"scroll","background-type":"","background-media":"","overlay-type":"","overlay-color":"","overlay-opacity":"","overlay-gradient":""},"mobile":{"background-color":"","background-image":"","background-repeat":"repeat","background-position":"center center","background-size":"auto","background-attachment":"scroll","background-type":"","background-media":"","overlay-type":"","overlay-color":"","overlay-opacity":"","overlay-gradient":""}},"ast-content-background-meta":{"desktop":{"background-color":"var(--ast-global-color-5)","background-image":"","background-repeat":"repeat","background-position":"center center","background-size":"auto","background-attachment":"scroll","background-type":"","background-media":"","overlay-type":"","overlay-color":"","overlay-opacity":"","overlay-gradient":""},"tablet":{"background-color":"var(--ast-global-color-5)","background-image":"","background-repeat":"repeat","background-position":"center center","background-size":"auto","background-attachment":"scroll","background-type":"","background-media":"","overlay-type":"","overlay-color":"","overlay-opacity":"","overlay-gradient":""},"mobile":{"background-color":"var(--ast-global-color-5)","background-image":"","background-repeat":"repeat","background-position":"center center","background-size":"auto","background-attachment":"scroll","background-type":"","background-media":"","overlay-type":"","overlay-color":"","overlay-opacity":"","overlay-gradient":""}},"footnotes":""},"class_list":["post-1075","page","type-page","status-publish","has-post-thumbnail","hentry"],"uagb_featured_image_src":{"full":["https:\/\/77beautifulsites.com\/wp-content\/uploads\/2023\/11\/pag-web2.png",924,1024,false],"thumbnail":["https:\/\/77beautifulsites.com\/wp-content\/uploads\/2023\/11\/pag-web2-150x150.png",150,150,true],"medium":["https:\/\/77beautifulsites.com\/wp-content\/uploads\/2023\/11\/pag-web2-271x300.png",271,300,true],"medium_large":["https:\/\/77beautifulsites.com\/wp-content\/uploads\/2023\/11\/pag-web2-768x851.png",768,851,true],"large":["https:\/\/77beautifulsites.com\/wp-content\/uploads\/2023\/11\/pag-web2.png",924,1024,false],"1536x1536":["https:\/\/77beautifulsites.com\/wp-content\/uploads\/2023\/11\/pag-web2.png",924,1024,false],"2048x2048":["https:\/\/77beautifulsites.com\/wp-content\/uploads\/2023\/11\/pag-web2.png",924,1024,false]},"uagb_author_info":{"display_name":"77beautifulsites.com","author_link":"https:\/\/77beautifulsites.com\/author\/77beautifulsites-com\/"},"uagb_comment_info":0,"uagb_excerpt":"Tienda Online Creamos soluciones digitales E-commerce, con identidad para posicionar y hacer crecer tu empresa, negocio y emprendimiento. Pensamos en la f\u00e1cil navegaci\u00f3n del usuario final, destacando los productos \u00f3 servicios y brindando un proceso seguro y vers\u00e1til en su compra. We create digital E-commerce solutions, with identity in order to position and grow your&hellip;","_links":{"self":[{"href":"https:\/\/77beautifulsites.com\/index.php\/wp-json\/wp\/v2\/pages\/1075","targetHints":{"allow":["GET"]}}],"collection":[{"href":"https:\/\/77beautifulsites.com\/index.php\/wp-json\/wp\/v2\/pages"}],"about":[{"href":"https:\/\/77beautifulsites.com\/index.php\/wp-json\/wp\/v2\/types\/page"}],"author":[{"embeddable":true,"href":"https:\/\/77beautifulsites.com\/index.php\/wp-json\/wp\/v2\/users\/1"}],"replies":[{"embeddable":true,"href":"https:\/\/77beautifulsites.com\/index.php\/wp-json\/wp\/v2\/comments?post=1075"}],"version-history":[{"count":97,"href":"https:\/\/77beautifulsites.com\/index.php\/wp-json\/wp\/v2\/pages\/1075\/revisions"}],"predecessor-version":[{"id":2252,"href":"https:\/\/77beautifulsites.com\/index.php\/wp-json\/wp\/v2\/pages\/1075\/revisions\/2252"}],"wp:featuredmedia":[{"embeddable":true,"href":"https:\/\/77beautifulsites.com\/index.php\/wp-json\/wp\/v2\/media\/1818"}],"wp:attachment":[{"href":"https:\/\/77beautifulsites.com\/index.php\/wp-json\/wp\/v2\/media?parent=1075"}],"curies":[{"name":"wp","href":"https:\/\/api.w.org\/{rel}","templated":true}]}}